1
Evaluate 7 + -11 + (-8 - -8).
-4
(9 + -18 - -23) + (1 - 7)
8
-2 - 0 - (6 + -21 + 7)
6
Evaluate 39 - 40 - (0 + 6).
-7
Evaluate -7 + 3 + 2 + -2 + 3.
-1
Evaluate 6 - 5 - 1 - (2 - 3).
1
Calculate 0 + -3 + 9 + -9.
-3
What is 8 - 11 - (-19 + 11)?
5
5 + (8 - 16) - (-5 - -1)
1
0 - 0 - (13 - 12)
-1
What is -1 - ((-8 - -9) + -12)?
10
Calculate (1 - -7) + (-6 - (9 + -12)).
5
Calculate 2 + 1 + -3 + 3 + -1.
2
What is the value of 13 - (11 - 2) - (0 - 0)?
4
Calculate -1 - (-10 + 9 - (1 + -1)).
0
What is 0 - -4 - (4 - 4)?
4
Calculate (-6 - (-22 + 4)) + -7.
5
Calculate -2 + (-15 + 9 - 1).
-9
What is 2 - ((-3 - 3) + 3 + 10)?
-5
7 - 1 - (-6 + 14 - 6)
4
What is the value of (-2 - -1) + -1 + 0?
-2
What is -11 - (-8 - ((-7 - -9) + -6))?
-7
Evaluate 7 + -13 + 2 - (-1 + 1).
-4
Evaluate 1 + 2 + -1 + 1 - -1.
4
Calculate 0 + (-9 - -11) + (0 - 2).
0
-38 - -41 - (0 - -4)
-1
What is 6 + -13 - (-1 - 10)?
4
Evaluate -5 - ((4 - 11) + 0).
2
4 - (-3 + 10 - 5)
2
Calculate -7 + 0 + (1 - -7).
1
Calculate -3 - ((0 - 2) + 3).
-4
Evaluate 2 - (6 + 3 + -3).
-4
What is 4 + 2 + -3 + -4 + 7?
6
-3 + -2 + 4 + (8 - 3)
4
What is the value of (10 - 7) + 4 + (3 - 13)?
-3
Evaluate 2 + (-18 - -13) + 2 + -1.
-2
What is the value of 5 + -7 + -2 + (2 - -2)?
0
6 + -10 - ((7 - 4) + -7)
0
Evaluate -1 + -5 + 2 - 0 - 4.
-8
Evaluate (-1 - -9) + -41 + 37.
4
What is the value of 1 - ((4 - -5) + 1 + -5)?
-4
What is -38 - -37 - (-1 + 7)?
-7
-6 - (20 - 15 - (8 + -2))
-5
What is the value of -10 + 8 - (1 + (-5 - -2))?
0
Calculate 3 - -2 - (-93 + 97).
1
What is (-3 - (-3 - (1 - 6))) + 7?
2
(-7 - -2) + 6 + -2
-1
Calculate 5 + -3 + -6 - 4 - -2.
-6
What is 5 + (-2 - 11) - -14?
6
-2 - ((4 - 3) + (1 - 0))
-4
(-9 - (-8 + -9)) + -10
-2
Calculate -3 - (5 - 1) - -11.
4
2 + -4 + 6 + -4
0
5 - (8 + 4 + -3)
-4
What is the value of -4 + 1 - 1 - (-3 - 0)?
-1
What is -5 - -1 - (1 - 2)?
-3
Calculate 6 + (-4 - -2) + 0.
4
Evaluate -1 + 2 + (-4 - -1) - 2.
-4
2 + 1 - (-1 - -17 - 23)
10
Calculate (-2 - (-3 + -4)) + -4.
1
What is (0 - 1) + (19 - 18) - 0?
0
What is 1 + (4 - (6 - -2 - 5))?
2
Calculate 5 - (-8 + 6 - -3).
4
Evaluate 2 + (-13 - -17) + (1 - 3).
4
Evaluate -4 - (3 + -3 + 0) - -3.
-1
Evaluate -10 - (2 + -3 - 5).
-4
What is -12 + 1 + 2 - -10?
1
What is -4 - (-5 - -13) - -12?
0
What is (22 - 19 - (7 - 1)) + -1?
-4
Evaluate (14 - -1) + -8 - 2.
5
Evaluate 3 + -8 - -2 - -10.
7
Calculate -2 - 4 - 2 - (-90 + 87).
-5
What is the value of -8 + (5 - 2 - -1)?
-4
Evaluate (3 - (0 - 0)) + -8.
-5
Evaluate 0 + -1 - (-16 + (26 - 11)).
0
-3 - (-5 - -4) - -8
6
What is the value of -4 - (-2 + (3 - (4 + -3)))?
-4
Evaluate 2 + -5 - ((-6 - -4) + -2).
1
Calculate -4 + (2 - -1 - 0).
-1
Calculate -2 + (-7 + 1 + 5 - -3).
0
1 + -4 + (-1 - -4)
0
What is the value of 1 - 5 - (10 + -23 - -15)?
-6
Calculate (-3 - 4 - -4 - 0) + 3.
0
What is the value of 4 + 3 + 0 + 0?
7
7 + (0 - 7) + 6
6
6 - 9 - (-2 - 4)
3
Calculate (13 - 12) + (-2 + 2 - 6).
-5
What is -18 + (15 - -2) - (0 + -3)?
2
What is the value of -5 + 4 + -1 - -2?
0
Calculate 14 + -10 + (1 - 3) + 5.
7
What is the value of 2 - (-5 - ((-2 - -7) + -16))?
-4
(6 - 0) + 1 + -306 + 304
5
Evaluate 0 + 5 - (-8 + 2 + 5).
6
Calculate (15 - (-5 - -12)) + -5.
3
What is 1 + (-4 - 3) + 3?
-3
Evaluate (4 - (-2 + 13)) + 8.
1
Calculate (9 - (8 - 10)) + -4.
7
5 + -2 + (-6 - (-4 + -1))
2
What is 6 + (5 - 1) + -15?
-5
0 + 2 + -3 + 0 + -4
-5
Calculate 1 - (3 - (-2 - -3)).
-1
Calculate -1 - ((0 - 0) + 2 + 1).
-4
Calculate 0 + 4 + 51 + -62.
-7
What is the value of 1 + (3 - (4 - 3)) + 1?
4
What is the value of 3 + -3 + 7 + 5 + -8?
4
Calculate 1 + 0 - (-15 - (1 + -22)).
-5
-2 - 2 - (10 + -18 + 2)
2
Evaluate (-3 - -3) + -6 + 5 + -3.
-4
(4 - 7) + -5 + 4
-4
What is the value of -10 - (-14 + 11 - -4)?
-11
What is the value of 2 + -5 + 2 + -6 + 7?
0
Calculate (3 - (3 + (4 - 3))) + 7.
6
What is the value of -3 - (-7 + -3) - 7?
0
Calculate (0 - -1) + -1 + -3.
-3
What is (14 - 1) + 81 + -88?
6
Evaluate 13 + -9 + (1 + 0 - 9).
-4
100 - 105 - (-2 + 1 + -10)
6
Calculate -11 + (-5 - 1) + 10.
-7
Evaluate -5 + -1 - ((-9 - -4) + -1).
0
What is the value of -4 - (-4 - 0) - (10 - 1)?
-9
Calculate 3 + 2 - (4 - -3).
-2
Evaluate (4 - 0 - -3) + (1 - 7).
1
Calculate 0 + 5 + (-18 - -10).
-3
What is the value of 0 + -1 + 4 + -6 - -8?
5
(1 - 1) + 5 - 3 - 2
0
What is 0 + 0 + -1 + (241 - 239)?
1
What is -4 + 5 + 0 + 1?
2
Calculate 3 + (5 + -1 - 10) - 6.
-9
-5 + 1 + (1 - -3)
0
Evaluate (0 - 1 - (7 - 6)) + 2.
0
What is the value of -12 - ((7 - 17) + -2)?
0
What is 9 - (-6 + 5) - 3?
7
2 + -1 - 0 - 6
-5
What is the value of 1 - 1 - (-41 - -39)?
2
What is 6 - (3 - (0 - (-1 + 0)))?
4
What is -5 - (-10 - 0 - -7)?
-2
Evaluate (-8 - (-1 - 15)) + -12.
-4
What is the value of -9 + 7 + 2 + -9 + 1?
-8
Evaluate (-8 - 4) + (3 - (-10 + 6)).
-5
5 - -1 - -9 - 10
5
13 + -2 + (6 + -6 - 6)
5
What is -8 + (-1 - -7 - -1)?
-1
5 + -1 + (2 - -1)
7
8 + -7 - (-5 - 0)
6
Calculate 2 - (-4 + -1 + 6).
1
What is 1 + -5 + 4 + 1?
1
(-6 - -5) + -2 + 3
0
5 + -9 + 3 + 5 + 1
5
What is (6 - -1 - 10) + 1?
-2
-5 - ((-5 - 1) + (-5 - 2))
8
Evaluate 2 + (-2 - 3 - 2 - 4).
-9
What is the value of -4 - 2 - (-10 - -4)?
0
What is the value of 6 - (4 - (0 - (-2 + 1)))?
3
Evaluate (0 - 4) + -6 + 7.
-3
6 - 1 - (-1 + 7 - 1)
0
What is the value of -1 + -1 + 6 + 0 + 0?
4
What is the value of (-1 - 1 - 0) + 21 + -18?
1
Calculate 7 + (4 - 3 - -3) + -8.
3
Evaluate 0 + -1 + -3 + (4 - -2).
2
What is 1 - (-3 + 0) - 2?
2
What is (-3 - -4) + (-3 + 1 - 3)?
-4
What is the value of -1 - (2 - (-2 + 5))?
0
What is -1 + (-9 - -25 - 8)?
7
What is (-3 - (-1 - 1)) + -40 + 36?
-5
Evaluate 3 + -17 - (5 + -12).
-7
What is (-6 - 0) + 1 - (7 - 8)?
-4
What is (12 - 5) + -13 - -3?
-3
What is 0 + 4 - (21 - 18)?
1
What is (-11 + 8 - -10) + -6?
1
Evaluate (-5 - -5) + 9 + -4.
5
What is 3 - ((3 - -1) + -13 + 19)?
-7
Evaluate 0 + 0 + 3 + 1 + -3.
1
-7 - (13 + (-16 - 3))
-1
-1 - (-4 - (0 - 3))
0
Evaluate -11 - -10 - (4 + -1).
-4
(0 + 12 - (-12 - -16)) + -4
4
What is -1 + -1 + (9 - 6)?
1
What is the value of (0 - -1) + 34 + -31?
4
What is the value of 1 + 3 - (-21 - -20)?
5
Calculate -3 - ((-14 - -3) + 4).
4
Evaluate -1 + -2 + (4 + -3 - -1).
-1
Evaluate (12 + -5 - 3 - 1) + -1.
2
What is the value of -8 - (-2 + (8 - 14))?
0
What is 0 - -8 - 3 - (2 + 0)?
3
Calculate -1 + (-4 + 0 - (-40 + 25)).
10
Evaluate (-2 - -2) + 4 + -5.
-1
What is the value of (-1 - (-6 - (-3 + 1))) + -4?
-1
What is the value of 4 + -4 - 2 - -6?
4
What is 6 + -1 + (-4 - 5)?
-4
What is 8 + 1 + -7 - (6 - 0)?
-4
What is the value of (1 - 1) + -2 + (-3 - -10)?
5
Evaluate -1 - -5 - (2 + -8).
10
What is the value of -103 + 95 + 10 + 0?
2
Evaluate 6 + -8 + 7 + 4 + -3.
6
-5 - (-2 + -1) - (2 - -2)
-6
-4 + 2 + 0 - 1
-3
What is the value of 4 + 4 - (-1 - -12)?
-3
Calculate -9 - (-2 - (-4 + 10)).
-1
What is the value of 1 + 4 + -5 + 0 - 0?
0
What is the value of 0 + 3 + 0 - -2?
5
0 + -4 - -11 - (-14 + 20)
1
(1 - (-2 - -2)) + (7 - 11)
-3
What is the value of (-9 - -3) + (1 - -5)?
0
What is the value of 6 - 16 - (-8 - (0 - 3))?
-5
Evaluate -1 + -1 + 3 - (-9 + 10).
0
What is 6 + -2 - (3 - 6)?
7
What is the value of 1 - (-4 - -5 - (4 - 0))?
4
Calculate 9 + -7 - ((-5 - -19) + -4).
-8
What is the value of 2 + -3 + (-6 - -4)?
-3
What is the value of -3 - (-6 + 8) - (-5 + 1)?
-1
What is the value of 9 - 18 - 3 - -7?
-5
Calculate -1 + ((0 - -1) + -2 - 2).
-4
What is the value of 0 + -3 - 1 - (-103 + 96)?
3
What is the value of 4 + -2 - (0 - 3 - 0)?
5
Calculate -5 - (-4 + (8 - 4)).
-5
1 + 2 - (-6 + 7) - -1
3
Calculate 0 + (1 - (-1 + 1) - 3).
-2
(7 - 14) + (-4 - -4) + 2
-5
(-3 - (0 + -5)) + 20 + -13
9
Calculate -1 + 6 - (-1 - (-13 + 4)).
-3
-3 + (2 - -5) - 3
1
1 + -1 - (-1 + -2) - 1
2
Evaluate -5 - ((4 + 2 - 3) + -3).
-5
Calculate (0 - (3 + -3)) + 0.
0
3 - -1 - (1 - -2)
1
What is -6 + -11 + (0 - -9)?
-8
Calculate -3 + 1 + (0 - (-2 - 4)).
4
What is the value of 85 + -75 + (2 - 4 - 3)?
5
Calculate -4 + 0 + 2 - 5.
-7
What is the value of (-7 - -11) + 1 + (-2 - -1)?
4
Calculate (-2 - 0 - 1) + -99 + 99.
-3
Calculate -1 + (-4 - -4) + 2.
1
Evaluate (2 - 4) + 8 - (-5 + 5).
6
-4 + 2 + (2 - 3)
-3
Evaluate 0 + -4 + (-2 - -6).
0
Evaluate -4 + 2 + (8 - 0).
6
What is the value of 2 + (2 - 3 - 0)?
1
Evaluate -1 + 4 - (2 - 0 - -2).
-1
Calculate 4 - (10 - (-5 + 9 - -1)).
-1
9 + -10 + 13 + -5
7
1 - (11 